11 (base 3) to base 11.
-45
Convert -2 (base 15) to base 3.
-2
-21 (base 9) to base 14
-15
What is 6c (base 13) in base 5?
330
Convert -a7 (base 14) to base 8.
-223
10 (base 3) to base 2
11
What is -33 (base 12) in base 11?
-36
211 (base 3) to base 11
20
Convert 9 (base 10) to base 4.
21
What is 17 (base 10) in base 6?
25
Convert -104 (base 8) to base 2.
-1000100
-28 (base 10) to base 16
-1c
Convert 0 (base 11) to base 8.
0
Convert -27 (base 9) to base 10.
-25
12 (base 4) to base 15
6
72 (base 8) to base 11
53
2323 (base 4) to base 7
355
What is 1111 (base 3) in base 11?
37
Convert -13 (base 4) to base 14.
-7
What is 16 (base 9) in base 8?
17
242 (base 9) to base 15
d5
-a (base 13) to base 3
-101
What is -92 (base 14) in base 11?
-107
What is -6 (base 12) in base 8?
-6
0 (base 9) to base 12
0
Convert 12 (base 8) to base 10.
10
-6 (base 13) to base 5
-11
Convert -43 (base 5) to base 2.
-10111
What is 7 (base 10) in base 11?
7
What is -1 (base 8) in base 16?
-1
What is -1 (base 16) in base 13?
-1
What is 3a (base 14) in base 15?
37
Convert 119 (base 13) to base 2.
10111111
33 (base 4) to base 16
f
101 (base 4) to base 7
23
-6 (base 10) to base 7
-6
What is 4 (base 12) in base 3?
11
Convert -2 (base 15) to base 12.
-2
Convert 3 (base 9) to base 10.
3
-101 (base 4) to base 6
-25
Convert 15 (base 11) to base 16.
10
Convert -54 (base 11) to base 10.
-59
Convert -22 (base 6) to base 11.
-13
Convert -5 (base 6) to base 14.
-5
What is -7 (base 14) in base 2?
-111
-42 (base 9) to base 14
-2a
1010101 (base 2) to base 9
104
-30 (base 4) to base 8
-14
Convert 1b (base 12) to base 4.
113
-b (base 15) to base 12
-b
-15 (base 7) to base 16
-c
What is 35 (base 10) in base 7?
50
Convert a7 (base 16) to base 8.
247
What is -23 (base 7) in base 14?
-13
11 (base 11) to base 6
20
222 (base 4) to base 14
30
Convert -8 (base 14) to base 7.
-11
Convert 1 (base 8) to base 14.
1
What is 3 (base 4) in base 2?
11
1 (base 2) to base 8
1
-1000 (base 3) to base 11
-25
What is -89 (base 13) in base 3?
-11012
Convert 0 (base 5) to base 11.
0
Convert 86 (base 10) to base 2.
1010110
What is 2 (base 8) in base 6?
2
What is -101122 (base 3) in base 7?
-560
What is -29 (base 16) in base 11?
-38
36 (base 8) to base 2
11110
What is 102 (base 3) in base 5?
21
-1000010 (base 2) to base 14
-4a
What is -15 (base 12) in base 10?
-17
10122 (base 3) to base 11
8a
What is 2b (base 16) in base 8?
53
Convert -26 (base 7) to base 8.
-24
What is -c (base 15) in base 13?
-c
-140 (base 5) to base 7
-63
24 (base 5) to base 16
e
-a (base 15) to base 12
-a
Convert -25 (base 11) to base 15.
-1c
Convert -53 (base 7) to base 2.
-100110
Convert 1 (base 13) to base 14.
1
What is -106 (base 7) in base 16?
-37
Convert -30 (base 7) to base 16.
-15
-10 (base 3) to base 7
-3
-75 (base 12) to base 10
-89
What is -1c (base 13) in base 2?
-11001
Convert -553 (base 6) to base 16.
-d5
Convert -b1 (base 14) to base 3.
-12202
What is -31 (base 7) in base 5?
-42
What is 0 (base 5) in base 16?
0
Convert 405 (base 6) to base 10.
149
What is -46 (base 8) in base 9?
-42
What is 11 (base 3) in base 15?
4
What is -58 (base 16) in base 5?
-323
5 (base 6) to base 9
5
What is 2 (base 10) in base 4?
2
Convert -141 (base 16) to base 3.
-102220
82 (base 9) to base 16
4a
Convert -84 (base 10) to base 14.
-60
What is 1 (base 2) in base 16?
1
What is 0 (base 13) in base 15?
0
What is 312 (base 4) in base 8?
66
Convert 11 (base 6) to base 16.
7
6 (base 8) to base 15
6
-4 (base 13) to base 16
-4
3e (base 15) to base 11
54
Convert 8 (base 11) to base 16.
8
Convert 21 (base 7) to base 11.
14
-138 (base 11) to base 5
-1122
Convert -1b (base 16) to base 10.
-27
-2 (base 6) to base 5
-2
What is -23 (base 15) in base 16?
-21
Convert 2132 (base 4) to base 2.
10011110
Convert -7 (base 14) to base 5.
-12
-7 (base 12) to base 13
-7
What is -47 (base 14) in base 6?
-143
Convert -5 (base 14) to base 6.
-5
Convert 2 (base 11) to base 9.
2
Convert 77 (base 10) to base 4.
1031
What is -103 (base 6) in base 13?
-30
28 (base 15) to base 3
1102
Convert -140 (base 7) to base 11.
-70
What is -21112 (base 3) in base 10?
-203
What is 26 (base 16) in base 14?
2a
Convert 201 (base 5) to base 2.
110011
4 (base 11) to base 12
4
Convert -19 (base 10) to base 16.
-13
What is -33 (base 4) in base 9?
-16
Convert -1002 (base 4) to base 16.
-42
Convert -23 (base 16) to base 9.
-38
What is 4 (base 10) in base 15?
4
What is 4 (base 6) in base 7?
4
What is -1111 (base 3) in base 2?
-101000
What is 9c (base 15) in base 16?
93
23 (base 4) to base 6
15
Convert 6 (base 14) to base 16.
6
Convert -21 (base 4) to base 7.
-12
Convert 32 (base 12) to base 6.
102
What is -1 (base 12) in base 3?
-1
Convert -10 (base 8) to base 13.
-8
What is 12 (base 4) in base 3?
20
Convert -2 (base 5) to base 11.
-2
What is -113 (base 5) in base 14?
-25
Convert -265 (base 10) to base 16.
-109
Convert -122 (base 12) to base 2.
-10101010
What is -2 (base 3) in base 16?
-2
Convert 9 (base 12) to base 7.
12
What is -46 (base 14) in base 7?
-116
Convert 112 (base 9) to base 16.
5c
-8 (base 16) to base 13
-8
Convert 2 (base 6) to base 14.
2
What is -20 (base 10) in base 13?
-17
Convert 4 (base 8) to base 10.
4
-41 (base 5) to base 11
-1a
Convert 2 (base 16) to base 11.
2
What is -11 (base 4) in base 13?
-5
What is 5 (base 11) in base 14?
5
What is -3 (base 16) in base 3?
-10
-31 (base 4) to base 16
-d
What is -b1 (base 12) in base 6?
-341
What is 4 (base 7) in base 6?
4
Convert -200 (base 3) to base 8.
-22
-141 (base 7) to base 9
-86
1010 (base 2) to base 12
a
What is -e (base 16) in base 10?
-14
What is 3 (base 8) in base 7?
3
What is -17 (base 10) in base 11?
-16
-14 (base 8) to base 4
-30
Convert 1 (base 7) to base 13.
1
Convert 14 (base 14) to base 9.
20
What is -323 (base 7) in base 8?
-244
What is -262 (base 9) in base 16?
-da
Convert -330 (base 5) to base 6.
-230
3 (base 14) to base 15
3
Convert -1 (base 15) to base 8.
-1
-13 (base 4) to base 14
-7
-202 (base 4) to base 11
-31
What is 156 (base 8) in base 6?
302
Convert -5 (base 15) to base 5.
-10
What is -23 (base 7) in base 12?
-15
What is -1111 (base 2) in base 9?
-16
What is 3e (base 16) in base 10?
62
-2 (base 6) to base 2
-10
7 (base 16) to base 5
12
Convert 0 (base 2) to base 6.
0
What is 164 (base 9) in base 15?
94
4 (base 15) to base 10
4
-12 (base 14) to base 6
-24
What is -9 (base 14) in base 3?
-100
Convert 10011111 (base 2) to base 11.
135
Convert 10 (base 9) to base 13.
9
What is 175 (base 8) in base 3?
11122
What is 0 (base 4) in base 5?
0
What is 42 (base 7) in base 5?
110
Convert 137 (base 10) to base 11.
115
What is -33 (base 7) in base 3?
-220
-1101101 (base 2) to base 16
-6d
What is -3 (base 8) in base 7?
-3
What is -6 (base 14) in base 7?
-6
-1a (base 11) to base 3
-210
What is -3 (base 4) in base 2?
-11
What is -1300 (base 4) in base 2?
-1110000
What is -3 (base 6) in base 12?
-3
Convert -100 (base 7) to base 2.
-110001
-1 (base 14) to base 7
-1
2 (base 13) to base 6
2
2 (base 6) to base 2
10
What is 4 (base 9) in base 5?
4
-30 (base 4) to base 12
-10
Convert -4 (base 10) to base 3.
-11
-1 (base 10) to base 3
-1
Convert 6 (base 8) to base 15.
6
What is -202 (base 3) in base 4?
-110
1011101 (base 2) to base 16
5d
Convert -234 (base 6) to base 14.
-6a
Convert -40 (base 7) to base 8.
-34
Convert -13 (base 5) to base 8.
-10
Convert -28 (base 12) to base 14.
-24
Convert 11 (base 2) to base 15.
3
Convert 40 (base 11) to base 13.
35
Convert -10000 (base 2) to base 14.
-12
150 (base 6) to base 7
123
2 (base 12) to base 6
2
What is -331 (base 5) in base 4?
-1123
What is -7 (base 16) in base 2?
-111
4 (base 7) to base 16
4
What is 2 (base 8) in base 10?
2
-1 (base 7) to base 8
-1
Convert -3d (base 15) to base 6.
-134
7 (base 16) to base 12
7
54 (base 10) to base 14
3c
Convert 0 (base 15) to base 5.
0
What is -53 (base 7) in base 14?
-2a
Convert -3 (base 16) to base 9.
-3
What is 224 (base 7) in base 3?
11022
Convert -48 (base 10) to base 3.
-1210
-20 (base 6) to base 7
-15
Convert -1a8 (base 13) to base 12.
-217
-12 (base 8) to base 10
-10
-27 (base 8) to base 14
-19
What is 162 (base 8) in base 3?
11020
2003 (base 4) to base 11
10a
What is 31 (base 7) in base 8?
26
Convert 135 (base 6) to base 4.
323
Convert b (base 12) to ba